 144936025 a multiple of 949?
True
Does 520 divide 44879835?
False
Is 105 a factor of 73295342?
False
Does 2236 divide 109756296?
True
Is 10 a factor of 11697809?
False
Is 39 a factor of 711088576?
False
Is 2328844071 a multiple of 6602?
False
Is 5 a factor of 3307894611?
False
Is 56769536 a multiple of 512?
True
Is 1179126394 a multiple of 1493?
False
Does 4 divide 40760640?
True
Does 4200 divide 14498400?
True
Does 1452 divide 1680277632?
True
Does 684 divide 327345682?
False
Does 84 divide 406805940?
False
Is 171934116 a multiple of 111?
True
Does 660 divide 67904100?
True
Is 260 a factor of 205020503?
False
Is 92641380 a multiple of 1898?
True
Is 5716 a factor of 2199345320?
True
Is 89970808 a multiple of 1846?
False
Does 2652 divide 688824556?
False
Does 531 divide 294601187?
False
Is 1333 a factor of 25734796?
False
Does 51 divide 167516691?
True
Is 12 a factor of 40117925?
False
Is 41 a factor of 1203218759?
True
Is 1080 a factor of 32118714?
False
Is 1582 a factor of 281747338?
False
Is 4 a factor of 61070340?
True
Is 1884 a factor of 123363156?
False
Is 489 a factor of 182527074?
True
Is 8 a factor of 17823680?
True
Is 232286004 a multiple of 4?
True
Is 417233786 a multiple of 12?
False
Is 1518020 a multiple of 70?
True
Does 353 divide 935515305?
True
Does 925 divide 15784200?
True
Is 12 a factor of 1517126722?
False
Does 32 divide 233778720?
True
Is 546 a factor of 495622218?
True
Is 257 a factor of 25423211?
True
Is 94576086 a multiple of 11?
True
Is 2235 a factor of 193088355?
True
Is 2057977072 a multiple of 167?
True
Is 37 a factor of 195908929?
False
Is 27468864 a multiple of 576?
True
Is 53 a factor of 36915898?
False
Is 49246740 a multiple of 2460?
True
Is 5 a factor of 399915933?
False
Is 11 a factor of 1907321?
False
Is 182173950 a multiple of 1575?
True
Does 15 divide 465393692?
False
Does 2093 divide 67086929?
True
Is 918424 a multiple of 277?
False
Is 56882594 a multiple of 101?
True
Does 19 divide 585215573?
False
Is 27 a factor of 18133416?
True
Is 7 a factor of 455863415?
True
Is 464 a factor of 393400080?
True
Does 177 divide 96541756?
False
Does 22 divide 11816178?
True
Is 1886024548 a multiple of 692?
True
Is 5123851 a multiple of 10?
False
Is 57 a factor of 586178159?
False
Is 219 a factor of 1216521884?
False
Does 341 divide 3083322?
True
Does 9 divide 217296692?
False
Does 9518 divide 898737150?
True
Does 1234 divide 460337530?
True
Is 74 a factor of 3109403706?
True
Does 10 divide 178648730?
True
Does 585 divide 28051095?
False
Does 32 divide 5759140?
False
Does 48 divide 1112532?
False
Does 1669 divide 536633895?
False
Is 2726 a factor of 97866698?
False
Is 661409148 a multiple of 36?
False
Is 38 a factor of 46719936?
True
Is 439807193 a multiple of 433?
True
Does 2864 divide 47978078?
False
Does 53 divide 172045473?
True
Does 5 divide 264058172?
False
Is 7 a factor of 121912804?
False
Is 1298443486 a multiple of 821?
False
Is 2456942 a multiple of 34?
True
Is 104 a factor of 59686432?
True
Is 22152311 a multiple of 79?
True
Is 79078231 a multiple of 847?
False
Is 517 a factor of 38028969?
True
Does 343 divide 4230924623?
False
Is 111094562 a multiple of 9?
False
Is 16 a factor of 133405726?
False
Is 314 a factor of 115450663?
False
Does 1411 divide 26168709?
False
Is 401 a factor of 215633339?
True
Does 6 divide 229892439?
False
Is 880913731 a multiple of 7023?
False
Is 674739804 a multiple of 9?
False
Does 3113 divide 692774816?
False
Does 225 divide 2676830?
False
Is 62006135 a multiple of 14?
False
Is 1531 a factor of 712260915?
False
Is 174 a factor of 164939472?
True
Is 27 a factor of 123368538?
False
Is 884382930 a multiple of 390?
False
Is 2449182102 a multiple of 63?
False
Is 80198300 a multiple of 25?
True
Does 3 divide 73420491?
True
Is 67 a factor of 2206597564?
True
Is 58831425 a multiple of 45?
True
Does 14 divide 648897?
False
Does 559 divide 24703139?
False
Does 23 divide 2537305?
False
Is 46 a factor of 72605802?
True
Is 25 a factor of 29223981?
False
Is 515468520 a multiple of 129?
True
Does 482 divide 57907962?
True
Is 385218876 a multiple of 3153?
False
Is 4 a factor of 10133869?
False
Is 275581880 a multiple of 196?
True
Does 4005 divide 1465077060?
True
Is 1678141 a multiple of 850?
False
Does 19 divide 110396956?
False
Is 34 a factor of 378086772?
False
Does 22 divide 236164654?
True
Is 14242266 a multiple of 6?
True
Is 13 a factor of 25241006?
False
Is 1389 a factor of 57356064?
False
Is 15 a factor of 813182130?
True
Does 43 divide 5864198745?
True
Is 291 a factor of 789032?
False
Does 1476 divide 3206421072?
True
Does 19 divide 115043195?
True
Is 42700198 a multiple of 2?
True
Is 22 a factor of 734954?
True
Does 221 divide 50045671?
True
Is 3 a factor of 246430564?
False
Is 14 a factor of 111504610?
True
Is 174 a factor of 33666564?
True
Does 515 divide 19879278?
False
Does 119 divide 35138915?
True
Does 197 divide 2157741?
True
Does 4719 divide 1477169694?
True
Is 160 a factor of 91500640?
True
Is 272651780 a multiple of 1735?
True
Does 73 divide 81392810?
True
Is 17159199 a multiple of 11?
False
Is 267419735 a multiple of 253?
True
Does 38 divide 1968545008?
True
Is 1204 a factor of 12401523?
False
Is 1925636200 a multiple of 20?
True
Does 84 divide 47680752?
True
Is 410733492 a multiple of 4?
True
Is 1069 a factor of 48712192?
True
Is 312261426 even?
True
Is 162151925 a multiple of 1763?
True
Does 5 divide 31335170?
True
Is 48 a factor of 1247122944?
True
Is 20244201 a multiple of 13?
False
Is 567874268 a multiple of 72?
False
Does 70 divide 4241440?
True
Is 898 a factor of 10328796?
True
Is 2236 a factor of 1439695255?
False
Does 995 divide 240665625?
True
Is 714511840 a multiple of 56?
True
Is 1232279 a multiple of 161?
False
Is 648086 a multiple of 5?
False
Is 188808193 a multiple of 3073?
True
Is 170 a factor of 167993540?
False
Does 10 divide 1546260966?
False
Is 44 a factor of 630362084?
True
Does 6 divide 17815163?
False
Is 5249685 a multiple of 154?
False
Is 97 a factor of 4475800?
False
Is 62933844 a multiple of 134?
False
Is 2 a factor of 9398335?
False
Does 1277 divide 2268738406?
False
Does 177 divide 249891609?
True
Is 33604161 a multiple of 291?
False
Is 196 a factor of 59041685?
False
Does 16 divide 355402826?
False
Is 41 a factor of 39024949?
False
Is 48946718 a multiple of 1509?
False
Is 4783052 a multiple of 31?
True
Does 3262 divide 187558476?
True
Does 164 divide 594023088?
True
Does 6 divide 27030880?
False
Is 5733360 a multiple of 144?
True
Is 39 a factor of 19029442?
False
Does 3029 divide 1339528948?
False
Is 45 a factor of 70845405?
False
Is 186958363 a multiple of 44?
False
Is 18 a factor of 6913674?
True
Is 199 a factor of 378249051?
True
Is 21 a factor of 96303529?
False
Does 55 divide 9989540?
True
Does 3 divide 72474955?
False
Does 183 divide 11983815?
False
Does 3319 divide 531528656?
False
Does 375 divide 79830750?
True
Does 91 divide 173042506?
True
Is 1902 a factor of 1098474095?
False
Is 301509636 a multiple of 43?
True
Is 5868 a factor of 2180824596?
True
Does 6 divide 1528261748?
False
Is 8282 a factor of 4056734512?
False
Does 131 divide 80394700?
True
Is 57522940 a multiple of 745?
True
Is 346173692 a multiple of 245?
False
Is 261057075 a multiple of 15?
True
Is 158032638 a multiple of 3?
True
Does 106 divide 47747039?
False
Is 7727489347 a multiple of 15?
False
Is 826130250 a multiple of 50?
True
Does 11 divide 27892744?
True
Does 2415 divide 149497350?
False
Is 635327930 a multiple of 282?
False
Is 1715255080 a multiple of 140?
True
Is 549971 a multiple of 113?
True
Is 300 a factor of 258538673?
False
Is 294 a factor of 70849002?
True
Does 16 divide 680562827?
False
Does 43 divide 930864?
True
Is 189 a factor of 9359280?
True
Is 48960000 a multiple of 2880?
True
Is 2941080500 a multiple of 8780?
True
Is 8 a factor of 720092688?
True
Does 6 divide 4515708?
True
Is 517025260 a multiple of 236?
True
Does 232 divide 47515075?
False
Is 3366 a factor of 3062435554?
False
Does 14 divide 312942699?
False
Is 449 a factor of 817221034?
False
Is 167033172 a multiple of 1386?
False
Is 1003267858 a multiple of 2224?
False
Does 21 divide 559778904?
False
Is 165099590 a multiple of 1477?
False
Is 8907219 a multiple of 645?
False
Does 242 divide 2212556